{"id":268,"date":"2024-07-01T10:02:00","date_gmt":"2024-07-01T08:02:00","guid":{"rendered":"https:\/\/editions-la-californie.fr\/californie\/?post_type=product&#038;p=268"},"modified":"2026-04-07T18:45:38","modified_gmt":"2026-04-07T16:45:38","slug":"5-cartes-postales-luka-le-dragon","status":"publish","type":"product","link":"https:\/\/editions-la-californie.fr\/californie\/index.php\/produit\/5-cartes-postales-luka-le-dragon\/","title":{"rendered":"Cartes postales \u00ab\u00a0Luka le dragon\u00a0\u00bb (x5)"},"content":{"rendered":"<h3>5 cartes postales \u00ab\u00a0Luka le dragon\u00a0\u00bb<\/h3>\n<p>Une carte postale, c&rsquo;est l&rsquo;occasion d&rsquo;envoyer quelques mots d&rsquo;amour et de tendresse, ou simplement une belle pens\u00e9e \u00e0 ceux qui comptent pour nous !<\/p>\n<p>Les enfants prendront grand plaisir \u00e0 \u00e9crire un petit mot sur la carte postale \u00ab\u00a0Luka le dragon\u00a0\u00bb, avant de l&rsquo;exp\u00e9dier \u00e0 leurs grands-parents ou \u00e0 leurs amis !<\/p>\n<p>Les 5 cartes postales \u00ab\u00a0Luka le dragon\u00a0\u00bb repr\u00e9sentent le m\u00eame visuel.<\/p>\n<h3>Cartes postales \u00ab\u00a0Luka le dragon\u00a0\u00bb : informations techniques<\/h3>\n<p>Les cartes postales \u00ab\u00a0Luka le dragon\u00a0\u00bb sont imprim\u00e9es en France !<br \/>\nDimensions : 10,5&#215;14,8 cm,<br \/>\nImpression quadri sur papier couch\u00e9 demi-mat 350g,<br \/>\nPelliculage brillant sur le recto pour une durabilit\u00e9 optimale.<\/p>\n","protected":false},"excerpt":{"rendered":"<p>Les cartes postales \u00ab\u00a0Luka le dragon\u00a0\u00bb sont de jolies cartes color\u00e9es \u00e0 envoyer ou \u00e0 collectionner !<\/p>\n","protected":false},"featured_media":270,"comment_status":"open","ping_status":"closed","template":"","meta":[],"product_brand":[],"product_cat":[57],"product_tag":[],"class_list":{"0":"post-268","1":"product","2":"type-product","3":"status-publish","4":"has-post-thumbnail","6":"product_cat-cartes","8":"first","9":"instock","10":"taxable","11":"shipping-taxable","12":"purchasable","13":"product-type-simple"},"yoast_head":"<!-- This site is optimized with the Yoast SEO plugin v27.5 - https:\/\/yoast.com\/product\/yoast-seo-wordpress\/ -->\n<title>Cartes postales &quot;Luka le dragon&quot; (x5) - \u00c9ditions La Californie<\/title>\n<meta name=\"description\" content=\"Les cartes postales &quot;Luka le dragon&quot; sont de jolies cartes \u00e0 envoyer \u00e0 ceux qu&#039;on aime, avec un petit mot tendre. \u00c9ditions La Californie en Alsace.\" \/>\n<meta name=\"robots\" content=\"index, follow, max-snippet:-1, max-image-preview:large, max-video-preview:-1\" \/>\n<link rel=\"canonical\" href=\"https:\/\/editions-la-californie.fr\/californie\/index.php\/produit\/5-cartes-postales-luka-le-dragon\/\" \/>\n<meta property=\"og:locale\" content=\"fr_FR\" \/>\n<meta property=\"og:type\" content=\"article\" \/>\n<meta property=\"og:title\" content=\"Cartes postales &quot;Luka le dragon&quot; (x5) - \u00c9ditions La Californie\" \/>\n<meta property=\"og:description\" content=\"Les cartes postales &quot;Luka le dragon&quot; sont de jolies cartes \u00e0 envoyer \u00e0 ceux qu&#039;on aime, avec un petit mot tendre. \u00c9ditions La Californie en Alsace.\" \/>\n<meta property=\"og:url\" content=\"https:\/\/editions-la-californie.fr\/californie\/index.php\/produit\/5-cartes-postales-luka-le-dragon\/\" \/>\n<meta property=\"og:site_name\" content=\"\u00c9ditions La Californie, boutique en ligne\" \/>\n<meta property=\"article:publisher\" content=\"https:\/\/www.facebook.com\/editionslacalifornie\" \/>\n<meta property=\"article:modified_time\" content=\"2026-04-07T16:45:38+00:00\" \/>\n<meta property=\"og:image\" content=\"https:\/\/editions-la-californie.fr\/californie\/wp-content\/uploads\/2024\/07\/carte-postale-Luka-le-dragon.jpg\" \/>\n\t<meta property=\"og:image:width\" content=\"1200\" \/>\n\t<meta property=\"og:image:height\" content=\"999\" \/>\n\t<meta property=\"og:image:type\" content=\"image\/jpeg\" \/>\n<meta name=\"twitter:card\" content=\"summary_large_image\" \/>\n<meta name=\"twitter:site\" content=\"@edilacalifornie\" \/>\n<meta name=\"twitter:label1\" content=\"Dur\u00e9e de lecture estim\u00e9e\" \/>\n\t<meta name=\"twitter:data1\" content=\"1 minute\" \/>\n<script type=\"application\/ld+json\" class=\"yoast-schema-graph\">{\"@context\":\"https:\\\/\\\/schema.org\",\"@graph\":[{\"@type\":\"WebPage\",\"@id\":\"https:\\\/\\\/editions-la-californie.fr\\\/californie\\\/index.php\\\/produit\\\/5-cartes-postales-luka-le-dragon\\\/\",\"url\":\"https:\\\/\\\/editions-la-californie.fr\\\/californie\\\/index.php\\\/produit\\\/5-cartes-postales-luka-le-dragon\\\/\",\"name\":\"Cartes postales \\\"Luka le dragon\\\" (x5) - \u00c9ditions La Californie\",\"isPartOf\":{\"@id\":\"https:\\\/\\\/editions-la-californie.fr\\\/californie\\\/#website\"},\"primaryImageOfPage\":{\"@id\":\"https:\\\/\\\/editions-la-californie.fr\\\/californie\\\/index.php\\\/produit\\\/5-cartes-postales-luka-le-dragon\\\/#primaryimage\"},\"image\":{\"@id\":\"https:\\\/\\\/editions-la-californie.fr\\\/californie\\\/index.php\\\/produit\\\/5-cartes-postales-luka-le-dragon\\\/#primaryimage\"},\"thumbnailUrl\":\"https:\\\/\\\/editions-la-californie.fr\\\/californie\\\/wp-content\\\/uploads\\\/2024\\\/07\\\/carte-postale-Luka-le-dragon.jpg\",\"datePublished\":\"2024-07-01T08:02:00+00:00\",\"dateModified\":\"2026-04-07T16:45:38+00:00\",\"description\":\"Les cartes postales \\\"Luka le dragon\\\" sont de jolies cartes \u00e0 envoyer \u00e0 ceux qu'on aime, avec un petit mot tendre. \u00c9ditions La Californie en Alsace.\",\"breadcrumb\":{\"@id\":\"https:\\\/\\\/editions-la-californie.fr\\\/californie\\\/index.php\\\/produit\\\/5-cartes-postales-luka-le-dragon\\\/#breadcrumb\"},\"inLanguage\":\"fr-FR\",\"potentialAction\":[{\"@type\":\"ReadAction\",\"target\":[\"https:\\\/\\\/editions-la-californie.fr\\\/californie\\\/index.php\\\/produit\\\/5-cartes-postales-luka-le-dragon\\\/\"]}]},{\"@type\":\"ImageObject\",\"inLanguage\":\"fr-FR\",\"@id\":\"https:\\\/\\\/editions-la-californie.fr\\\/californie\\\/index.php\\\/produit\\\/5-cartes-postales-luka-le-dragon\\\/#primaryimage\",\"url\":\"https:\\\/\\\/editions-la-californie.fr\\\/californie\\\/wp-content\\\/uploads\\\/2024\\\/07\\\/carte-postale-Luka-le-dragon.jpg\",\"contentUrl\":\"https:\\\/\\\/editions-la-californie.fr\\\/californie\\\/wp-content\\\/uploads\\\/2024\\\/07\\\/carte-postale-Luka-le-dragon.jpg\",\"width\":1200,\"height\":999,\"caption\":\"Carte postale Luka le dragon. \\\"Luka le dragon\\\" est un livre \u00e9crit par Caroline Niglis-Gerber et illustr\u00e9 par Coeur d'Artiflo, paru aux \u00c9ditions la Californie.\"},{\"@type\":\"BreadcrumbList\",\"@id\":\"https:\\\/\\\/editions-la-californie.fr\\\/californie\\\/index.php\\\/produit\\\/5-cartes-postales-luka-le-dragon\\\/#breadcrumb\",\"itemListElement\":[{\"@type\":\"ListItem\",\"position\":1,\"name\":\"Accueil\",\"item\":\"https:\\\/\\\/editions-la-californie.fr\\\/californie\\\/\"},{\"@type\":\"ListItem\",\"position\":2,\"name\":\"Boutique en ligne des \u00c9ditions La Californie\",\"item\":\"https:\\\/\\\/editions-la-californie.fr\\\/californie\\\/\"},{\"@type\":\"ListItem\",\"position\":3,\"name\":\"Cartes postales \u00ab\u00a0Luka le dragon\u00a0\u00bb (x5)\"}]},{\"@type\":\"WebSite\",\"@id\":\"https:\\\/\\\/editions-la-californie.fr\\\/californie\\\/#website\",\"url\":\"https:\\\/\\\/editions-la-californie.fr\\\/californie\\\/\",\"name\":\"\u00c9ditions La Californie, boutique en ligne\",\"description\":\"Offrez(-vous) des livres imagin\u00e9s, cr\u00e9\u00e9s et illustr\u00e9s en Alsace\",\"publisher\":{\"@id\":\"https:\\\/\\\/editions-la-californie.fr\\\/californie\\\/#organization\"},\"potentialAction\":[{\"@type\":\"SearchAction\",\"target\":{\"@type\":\"EntryPoint\",\"urlTemplate\":\"https:\\\/\\\/editions-la-californie.fr\\\/californie\\\/?s={search_term_string}\"},\"query-input\":{\"@type\":\"PropertyValueSpecification\",\"valueRequired\":true,\"valueName\":\"search_term_string\"}}],\"inLanguage\":\"fr-FR\"},{\"@type\":\"Organization\",\"@id\":\"https:\\\/\\\/editions-la-californie.fr\\\/californie\\\/#organization\",\"name\":\"\u00c9ditions La Californie\",\"url\":\"https:\\\/\\\/editions-la-californie.fr\\\/californie\\\/\",\"logo\":{\"@type\":\"ImageObject\",\"inLanguage\":\"fr-FR\",\"@id\":\"https:\\\/\\\/editions-la-californie.fr\\\/californie\\\/#\\\/schema\\\/logo\\\/image\\\/\",\"url\":\"https:\\\/\\\/editions-la-californie.fr\\\/californie\\\/wp-content\\\/uploads\\\/2023\\\/11\\\/cropped-logo-editions-la-californie-alsace-boutique.png\",\"contentUrl\":\"https:\\\/\\\/editions-la-californie.fr\\\/californie\\\/wp-content\\\/uploads\\\/2023\\\/11\\\/cropped-logo-editions-la-californie-alsace-boutique.png\",\"width\":522,\"height\":122,\"caption\":\"\u00c9ditions La Californie\"},\"image\":{\"@id\":\"https:\\\/\\\/editions-la-californie.fr\\\/californie\\\/#\\\/schema\\\/logo\\\/image\\\/\"},\"sameAs\":[\"https:\\\/\\\/www.facebook.com\\\/editionslacalifornie\",\"https:\\\/\\\/x.com\\\/edilacalifornie\",\"https:\\\/\\\/www.instagram.com\\\/editionslacalifornie\"]}]}<\/script>\n<!-- \/ Yoast SEO plugin. -->","yoast_head_json":{"title":"Cartes postales \"Luka le dragon\" (x5) - \u00c9ditions La Californie","description":"Les cartes postales \"Luka le dragon\" sont de jolies cartes \u00e0 envoyer \u00e0 ceux qu'on aime, avec un petit mot tendre. \u00c9ditions La Californie en Alsace.","robots":{"index":"index","follow":"follow","max-snippet":"max-snippet:-1","max-image-preview":"max-image-preview:large","max-video-preview":"max-video-preview:-1"},"canonical":"https:\/\/editions-la-californie.fr\/californie\/index.php\/produit\/5-cartes-postales-luka-le-dragon\/","og_locale":"fr_FR","og_type":"article","og_title":"Cartes postales \"Luka le dragon\" (x5) - \u00c9ditions La Californie","og_description":"Les cartes postales \"Luka le dragon\" sont de jolies cartes \u00e0 envoyer \u00e0 ceux qu'on aime, avec un petit mot tendre. \u00c9ditions La Californie en Alsace.","og_url":"https:\/\/editions-la-californie.fr\/californie\/index.php\/produit\/5-cartes-postales-luka-le-dragon\/","og_site_name":"\u00c9ditions La Californie, boutique en ligne","article_publisher":"https:\/\/www.facebook.com\/editionslacalifornie","article_modified_time":"2026-04-07T16:45:38+00:00","og_image":[{"width":1200,"height":999,"url":"https:\/\/editions-la-californie.fr\/californie\/wp-content\/uploads\/2024\/07\/carte-postale-Luka-le-dragon.jpg","type":"image\/jpeg"}],"twitter_card":"summary_large_image","twitter_site":"@edilacalifornie","twitter_misc":{"Dur\u00e9e de lecture estim\u00e9e":"1 minute"},"schema":{"@context":"https:\/\/schema.org","@graph":[{"@type":"WebPage","@id":"https:\/\/editions-la-californie.fr\/californie\/index.php\/produit\/5-cartes-postales-luka-le-dragon\/","url":"https:\/\/editions-la-californie.fr\/californie\/index.php\/produit\/5-cartes-postales-luka-le-dragon\/","name":"Cartes postales \"Luka le dragon\" (x5) - \u00c9ditions La Californie","isPartOf":{"@id":"https:\/\/editions-la-californie.fr\/californie\/#website"},"primaryImageOfPage":{"@id":"https:\/\/editions-la-californie.fr\/californie\/index.php\/produit\/5-cartes-postales-luka-le-dragon\/#primaryimage"},"image":{"@id":"https:\/\/editions-la-californie.fr\/californie\/index.php\/produit\/5-cartes-postales-luka-le-dragon\/#primaryimage"},"thumbnailUrl":"https:\/\/editions-la-californie.fr\/californie\/wp-content\/uploads\/2024\/07\/carte-postale-Luka-le-dragon.jpg","datePublished":"2024-07-01T08:02:00+00:00","dateModified":"2026-04-07T16:45:38+00:00","description":"Les cartes postales \"Luka le dragon\" sont de jolies cartes \u00e0 envoyer \u00e0 ceux qu'on aime, avec un petit mot tendre. \u00c9ditions La Californie en Alsace.","breadcrumb":{"@id":"https:\/\/editions-la-californie.fr\/californie\/index.php\/produit\/5-cartes-postales-luka-le-dragon\/#breadcrumb"},"inLanguage":"fr-FR","potentialAction":[{"@type":"ReadAction","target":["https:\/\/editions-la-californie.fr\/californie\/index.php\/produit\/5-cartes-postales-luka-le-dragon\/"]}]},{"@type":"ImageObject","inLanguage":"fr-FR","@id":"https:\/\/editions-la-californie.fr\/californie\/index.php\/produit\/5-cartes-postales-luka-le-dragon\/#primaryimage","url":"https:\/\/editions-la-californie.fr\/californie\/wp-content\/uploads\/2024\/07\/carte-postale-Luka-le-dragon.jpg","contentUrl":"https:\/\/editions-la-californie.fr\/californie\/wp-content\/uploads\/2024\/07\/carte-postale-Luka-le-dragon.jpg","width":1200,"height":999,"caption":"Carte postale Luka le dragon. \"Luka le dragon\" est un livre \u00e9crit par Caroline Niglis-Gerber et illustr\u00e9 par Coeur d'Artiflo, paru aux \u00c9ditions la Californie."},{"@type":"BreadcrumbList","@id":"https:\/\/editions-la-californie.fr\/californie\/index.php\/produit\/5-cartes-postales-luka-le-dragon\/#breadcrumb","itemListElement":[{"@type":"ListItem","position":1,"name":"Accueil","item":"https:\/\/editions-la-californie.fr\/californie\/"},{"@type":"ListItem","position":2,"name":"Boutique en ligne des \u00c9ditions La Californie","item":"https:\/\/editions-la-californie.fr\/californie\/"},{"@type":"ListItem","position":3,"name":"Cartes postales \u00ab\u00a0Luka le dragon\u00a0\u00bb (x5)"}]},{"@type":"WebSite","@id":"https:\/\/editions-la-californie.fr\/californie\/#website","url":"https:\/\/editions-la-californie.fr\/californie\/","name":"\u00c9ditions La Californie, boutique en ligne","description":"Offrez(-vous) des livres imagin\u00e9s, cr\u00e9\u00e9s et illustr\u00e9s en Alsace","publisher":{"@id":"https:\/\/editions-la-californie.fr\/californie\/#organization"},"potentialAction":[{"@type":"SearchAction","target":{"@type":"EntryPoint","urlTemplate":"https:\/\/editions-la-californie.fr\/californie\/?s={search_term_string}"},"query-input":{"@type":"PropertyValueSpecification","valueRequired":true,"valueName":"search_term_string"}}],"inLanguage":"fr-FR"},{"@type":"Organization","@id":"https:\/\/editions-la-californie.fr\/californie\/#organization","name":"\u00c9ditions La Californie","url":"https:\/\/editions-la-californie.fr\/californie\/","logo":{"@type":"ImageObject","inLanguage":"fr-FR","@id":"https:\/\/editions-la-californie.fr\/californie\/#\/schema\/logo\/image\/","url":"https:\/\/editions-la-californie.fr\/californie\/wp-content\/uploads\/2023\/11\/cropped-logo-editions-la-californie-alsace-boutique.png","contentUrl":"https:\/\/editions-la-californie.fr\/californie\/wp-content\/uploads\/2023\/11\/cropped-logo-editions-la-californie-alsace-boutique.png","width":522,"height":122,"caption":"\u00c9ditions La Californie"},"image":{"@id":"https:\/\/editions-la-californie.fr\/californie\/#\/schema\/logo\/image\/"},"sameAs":["https:\/\/www.facebook.com\/editionslacalifornie","https:\/\/x.com\/edilacalifornie","https:\/\/www.instagram.com\/editionslacalifornie"]}]}},"jetpack_sharing_enabled":true,"_links":{"self":[{"href":"https:\/\/editions-la-californie.fr\/californie\/index.php\/wp-json\/wp\/v2\/product\/268","targetHints":{"allow":["GET"]}}],"collection":[{"href":"https:\/\/editions-la-californie.fr\/californie\/index.php\/wp-json\/wp\/v2\/product"}],"about":[{"href":"https:\/\/editions-la-californie.fr\/californie\/index.php\/wp-json\/wp\/v2\/types\/product"}],"replies":[{"embeddable":true,"href":"https:\/\/editions-la-californie.fr\/californie\/index.php\/wp-json\/wp\/v2\/comments?post=268"}],"wp:featuredmedia":[{"embeddable":true,"href":"https:\/\/editions-la-californie.fr\/californie\/index.php\/wp-json\/wp\/v2\/media\/270"}],"wp:attachment":[{"href":"https:\/\/editions-la-californie.fr\/californie\/index.php\/wp-json\/wp\/v2\/media?parent=268"}],"wp:term":[{"taxonomy":"product_brand","embeddable":true,"href":"https:\/\/editions-la-californie.fr\/californie\/index.php\/wp-json\/wp\/v2\/product_brand?post=268"},{"taxonomy":"product_cat","embeddable":true,"href":"https:\/\/editions-la-californie.fr\/californie\/index.php\/wp-json\/wp\/v2\/product_cat?post=268"},{"taxonomy":"product_tag","embeddable":true,"href":"https:\/\/editions-la-californie.fr\/californie\/index.php\/wp-json\/wp\/v2\/product_tag?post=268"}],"curies":[{"name":"wp","href":"https:\/\/api.w.org\/{rel}","templated":true}]}}